{"id":227,"date":"2017-06-08T15:15:44","date_gmt":"2017-06-08T15:15:44","guid":{"rendered":"http:\/\/bordono.com\/chanson\/?page_id=227"},"modified":"2022-01-28T15:07:52","modified_gmt":"2022-01-28T15:07:52","slug":"droles-de-bestioles","status":"publish","type":"page","link":"https:\/\/bordono.com\/chanson\/?page_id=227","title":{"rendered":"Dr\u00f4les de Bestioles"},"content":{"rendered":"<p>Le 30 juin 2017, pour la kermesse de l&rsquo;\u00e9cole Somme de Bordeaux, nous allons chanter les \u00ab\u00a0Dr\u00f4les de Bestioles\u00a0\u00bb.<\/p>\n<p>Ce sera la premi\u00e8re repr\u00e9sentation publique de ce spectacle.<\/p>\n<p>Des images et du son d\u00e8s que ce sera fait.<\/p>\n","protected":false},"excerpt":{"rendered":"<p>Le 30 juin 2017, pour la kermesse de l&rsquo;\u00e9cole Somme de Bordeaux, nous allons chanter les \u00ab\u00a0Dr\u00f4les de Bestioles\u00a0\u00bb. Ce sera la premi\u00e8re repr\u00e9sentation publique de ce spectacle. Des images et du son d\u00e8s que ce sera fait.<\/p>\n","protected":false},"author":1,"featured_media":0,"parent":204,"menu_order":4,"comment_status":"closed","ping_status":"closed","template":"","meta":[],"_links":{"self":[{"href":"https:\/\/bordono.com\/chanson\/index.php?rest_route=\/wp\/v2\/pages\/227"}],"collection":[{"href":"https:\/\/bordono.com\/chanson\/index.php?rest_route=\/wp\/v2\/pages"}],"about":[{"href":"https:\/\/bordono.com\/chanson\/index.php?rest_route=\/wp\/v2\/types\/page"}],"author":[{"embeddable":true,"href":"https:\/\/bordono.com\/chanson\/index.php?rest_route=\/wp\/v2\/users\/1"}],"replies":[{"embeddable":true,"href":"https:\/\/bordono.com\/chanson\/index.php?rest_route=%2Fwp%2Fv2%2Fcomments&post=227"}],"version-history":[{"count":1,"href":"https:\/\/bordono.com\/chanson\/index.php?rest_route=\/wp\/v2\/pages\/227\/revisions"}],"predecessor-version":[{"id":230,"href":"https:\/\/bordono.com\/chanson\/index.php?rest_route=\/wp\/v2\/pages\/227\/revisions\/230"}],"up":[{"embeddable":true,"href":"https:\/\/bordono.com\/chanson\/index.php?rest_route=\/wp\/v2\/pages\/204"}],"wp:attachment":[{"href":"https:\/\/bordono.com\/chanson\/index.php?rest_route=%2Fwp%2Fv2%2Fmedia&parent=227"}],"curies":[{"name":"wp","href":"https:\/\/api.w.org\/{rel}","templated":true}]}}