{"id":202,"date":"2017-06-08T15:22:17","date_gmt":"2017-06-08T15:22:17","guid":{"rendered":"http:\/\/bordono.com\/chanson\/?page_id=202"},"modified":"2017-07-06T14:44:42","modified_gmt":"2017-07-06T14:44:42","slug":"autour-du-monde","status":"publish","type":"page","link":"https:\/\/bordono.com\/chanson\/?page_id=202","title":{"rendered":"Autour du Monde"},"content":{"rendered":"<p>\u00c9crit entre septembre 2016 et Avril 2017, avec 4 classes du CE1 au CM2 de l&rsquo;\u00e9cole Aim\u00e9 C\u00e9saire de Martignas sur Jalle, le spectacle \u00ab\u00a0Autour du Monde\u00a0\u00bb a \u00e9t\u00e9 jou\u00e9 dans la salle G\u00e9rard Philippe de Martignas le 18 Mai 2017.<\/p>\n<p>Bient\u00f4t, des images, et en attendant, voici de quoi \u00e9couter le r\u00e9sultat&#8230;<\/p>\n<p><a href=\"http:\/\/bordono.com\/chanson\/wp-content\/uploads\/2017\/06\/Pochette-avant-Martignas.jpg\"><img loading=\"lazy\" class=\"alignnone size-full wp-image-265\" src=\"http:\/\/bordono.com\/chanson\/wp-content\/uploads\/2017\/06\/Pochette-avant-Martignas.jpg\" alt=\"\" width=\"1410\" height=\"1410\" srcset=\"https:\/\/bordono.com\/chanson\/wp-content\/uploads\/2017\/06\/Pochette-avant-Martignas.jpg 1410w, https:\/\/bordono.com\/chanson\/wp-content\/uploads\/2017\/06\/Pochette-avant-Martignas-150x150.jpg 150w, https:\/\/bordono.com\/chanson\/wp-content\/uploads\/2017\/06\/Pochette-avant-Martignas-300x300.jpg 300w, https:\/\/bordono.com\/chanson\/wp-content\/uploads\/2017\/06\/Pochette-avant-Martignas-768x768.jpg 768w, https:\/\/bordono.com\/chanson\/wp-content\/uploads\/2017\/06\/Pochette-avant-Martignas-1024x1024.jpg 1024w\" sizes=\"(max-width: 1410px) 100vw, 1410px\" \/><\/a><\/p>\n<!--[if lt IE 9]><script>document.createElement('audio');<\/script><![endif]-->\n\t<div class=\"wp-playlist wp-audio-playlist wp-playlist-light\">\n\t\t\t<div class=\"wp-playlist-current-item\"><\/div>\n\t\t<audio controls=\"controls\" preload=\"none\" width=\"582\"\n\t\t\t><\/audio>\n\t<div class=\"wp-playlist-next\"><\/div>\n\t<div class=\"wp-playlist-prev\"><\/div>\n\t<noscript>\n\t<ol>\n\t\t<li><a href='https:\/\/bordono.com\/chanson\/wp-content\/uploads\/2017\/06\/01-Basile-1-Introduction.mp3'>Basile 1 (Introduction)<\/a><\/li><li><a href='https:\/\/bordono.com\/chanson\/wp-content\/uploads\/2017\/06\/02-Voyage-\u00e0-Foudiougne.mp3'>Voyage \u00e0 Foudiougne<\/a><\/li><li><a href='https:\/\/bordono.com\/chanson\/wp-content\/uploads\/2017\/06\/03-Histoire-dAfrique.mp3'>Histoire d'Afrique<\/a><\/li><li><a href='https:\/\/bordono.com\/chanson\/wp-content\/uploads\/2017\/06\/04-Les-animaux-du-S\u00e9n\u00e9gal.mp3'>Les animaux du S\u00e9n\u00e9gal<\/a><\/li><li><a href='https:\/\/bordono.com\/chanson\/wp-content\/uploads\/2017\/06\/05-Basile-2.mp3'>Basile 2<\/a><\/li><li><a href='https:\/\/bordono.com\/chanson\/wp-content\/uploads\/2017\/06\/06-Oh-Cest-Annie-.mp3'>Oh ! C'est Annie !<\/a><\/li><li><a href='https:\/\/bordono.com\/chanson\/wp-content\/uploads\/2017\/06\/07-Histoire-dOc\u00e9anie.mp3'>Histoire d'Oc\u00e9anie<\/a><\/li><li><a href='https:\/\/bordono.com\/chanson\/wp-content\/uploads\/2017\/06\/08-En-Australie.mp3'>En Australie<\/a><\/li><li><a href='https:\/\/bordono.com\/chanson\/wp-content\/uploads\/2017\/06\/09-Basile-3.mp3'>Basile 3<\/a><\/li><li><a href='https:\/\/bordono.com\/chanson\/wp-content\/uploads\/2017\/06\/10-Au-dojo-de-Tokyo.mp3'>Au dojo de Tokyo<\/a><\/li><li><a href='https:\/\/bordono.com\/chanson\/wp-content\/uploads\/2017\/06\/11-Histoire-dAsie.mp3'>Histoire d'Asie<\/a><\/li><li><a href='https:\/\/bordono.com\/chanson\/wp-content\/uploads\/2017\/06\/12-Les-saveurs-de-lAsie.mp3'>Les saveurs de l'Asie<\/a><\/li><li><a href='https:\/\/bordono.com\/chanson\/wp-content\/uploads\/2017\/06\/13-Histoire-dAm\u00e9riques-1\u00e8re-partie.mp3'>Histoire d'Am\u00e9riques - 1\u00e8re partie<\/a><\/li><li><a href='https:\/\/bordono.com\/chanson\/wp-content\/uploads\/2017\/06\/14-Cest-un-grand-jour.mp3'>C'est un grand jour<\/a><\/li><li><a href='https:\/\/bordono.com\/chanson\/wp-content\/uploads\/2017\/06\/15-Histoire-dAm\u00e9riques-2\u00e8me-partie.mp3'>Histoire d'Am\u00e9riques - 2\u00e8me partie<\/a><\/li><li><a href='https:\/\/bordono.com\/chanson\/wp-content\/uploads\/2017\/06\/16-Music-in-NY.mp3'>Music in NY<\/a><\/li><li><a href='https:\/\/bordono.com\/chanson\/wp-content\/uploads\/2017\/06\/17-Basile-4.mp3'>Basile 4<\/a><\/li><li><a href='https:\/\/bordono.com\/chanson\/wp-content\/uploads\/2017\/06\/18-Autour-du-Monde.mp3'>Autour du Monde<\/a><\/li>\t<\/ol>\n\t<\/noscript>\n\t<script type=\"application\/json\" class=\"wp-playlist-script\">{\"type\":\"audio\",\"tracklist\":true,\"tracknumbers\":true,\"images\":true,\"artists\":true,\"tracks\":[{\"src\":\"https:\\\/\\\/bordono.com\\\/chanson\\\/wp-content\\\/uploads\\\/2017\\\/06\\\/01-Basile-1-Introduction.mp3\",\"type\":\"audio\\\/mpeg\",\"title\":\"Basile 1 (Introduction)\",\"caption\":\"\",\"description\":\"<i>Basile 1 (Introduction)<\\\/i> tir\\u00e9 de <i>Autour du monde<\\\/i> par \\u00c9cole Aim\\u00e9 C\\u00e9saire de Martignas sur Jalle. Date de sortie&nbsp;: 2017. Piste 1 sur 18. Genre&nbsp;: Chanson\",\"meta\":{\"artist\":\"\\u00c9cole Aim\\u00e9 C\\u00e9saire de Martignas sur Jalle\",\"album\":\"Autour du monde\",\"genre\":\"Chanson\",\"year\":\"2017\",\"length_formatted\":\"0:54\"},\"image\":{\"src\":\"https:\\\/\\\/bordono.com\\\/chanson\\\/wp-includes\\\/images\\\/media\\\/audio.png\",\"width\":48,\"height\":64},\"thumb\":{\"src\":\"https:\\\/\\\/bordono.com\\\/chanson\\\/wp-includes\\\/images\\\/media\\\/audio.png\",\"width\":48,\"height\":64}},{\"src\":\"https:\\\/\\\/bordono.com\\\/chanson\\\/wp-content\\\/uploads\\\/2017\\\/06\\\/02-Voyage-\\u00e0-Foudiougne.mp3\",\"type\":\"audio\\\/mpeg\",\"title\":\"Voyage \\u00e0 Foudiougne\",\"caption\":\"\",\"description\":\"<i>Voyage \\u00e0 Foudiougne<\\\/i> tir\\u00e9 de <i>Autour du monde<\\\/i> par \\u00c9cole Aim\\u00e9 C\\u00e9saire de Martignas sur Jalle. Date de sortie&nbsp;: 2017. Piste 2 sur 18. Genre&nbsp;: Chanson\",\"meta\":{\"artist\":\"\\u00c9cole Aim\\u00e9 C\\u00e9saire de Martignas sur Jalle\",\"album\":\"Autour du monde\",\"genre\":\"Chanson\",\"year\":\"2017\",\"length_formatted\":\"2:08\"},\"image\":{\"src\":\"https:\\\/\\\/bordono.com\\\/chanson\\\/wp-includes\\\/images\\\/media\\\/audio.png\",\"width\":48,\"height\":64},\"thumb\":{\"src\":\"https:\\\/\\\/bordono.com\\\/chanson\\\/wp-includes\\\/images\\\/media\\\/audio.png\",\"width\":48,\"height\":64}},{\"src\":\"https:\\\/\\\/bordono.com\\\/chanson\\\/wp-content\\\/uploads\\\/2017\\\/06\\\/03-Histoire-dAfrique.mp3\",\"type\":\"audio\\\/mpeg\",\"title\":\"Histoire d'Afrique\",\"caption\":\"\",\"description\":\"<i>Histoire d'Afrique<\\\/i> tir\\u00e9 de <i>Autour du monde<\\\/i> par \\u00c9cole Aim\\u00e9 C\\u00e9saire de Martignas sur Jalle. Date de sortie&nbsp;: 2017. Piste 3 sur 18. Genre&nbsp;: Chanson\",\"meta\":{\"artist\":\"\\u00c9cole Aim\\u00e9 C\\u00e9saire de Martignas sur Jalle\",\"album\":\"Autour du monde\",\"genre\":\"Chanson\",\"year\":\"2017\",\"length_formatted\":\"3:08\"},\"image\":{\"src\":\"https:\\\/\\\/bordono.com\\\/chanson\\\/wp-includes\\\/images\\\/media\\\/audio.png\",\"width\":48,\"height\":64},\"thumb\":{\"src\":\"https:\\\/\\\/bordono.com\\\/chanson\\\/wp-includes\\\/images\\\/media\\\/audio.png\",\"width\":48,\"height\":64}},{\"src\":\"https:\\\/\\\/bordono.com\\\/chanson\\\/wp-content\\\/uploads\\\/2017\\\/06\\\/04-Les-animaux-du-S\\u00e9n\\u00e9gal.mp3\",\"type\":\"audio\\\/mpeg\",\"title\":\"Les animaux du S\\u00e9n\\u00e9gal\",\"caption\":\"\",\"description\":\"<i>Les animaux du S\\u00e9n\\u00e9gal<\\\/i> tir\\u00e9 de <i>Autour du monde<\\\/i> par \\u00c9cole Aim\\u00e9 C\\u00e9saire de Martignas sur Jalle. Date de sortie&nbsp;: 2017. Piste 4 sur 18. Genre&nbsp;: Chanson\",\"meta\":{\"artist\":\"\\u00c9cole Aim\\u00e9 C\\u00e9saire de Martignas sur Jalle\",\"album\":\"Autour du monde\",\"genre\":\"Chanson\",\"year\":\"2017\",\"length_formatted\":\"3:38\"},\"image\":{\"src\":\"https:\\\/\\\/bordono.com\\\/chanson\\\/wp-includes\\\/images\\\/media\\\/audio.png\",\"width\":48,\"height\":64},\"thumb\":{\"src\":\"https:\\\/\\\/bordono.com\\\/chanson\\\/wp-includes\\\/images\\\/media\\\/audio.png\",\"width\":48,\"height\":64}},{\"src\":\"https:\\\/\\\/bordono.com\\\/chanson\\\/wp-content\\\/uploads\\\/2017\\\/06\\\/05-Basile-2.mp3\",\"type\":\"audio\\\/mpeg\",\"title\":\"Basile 2\",\"caption\":\"\",\"description\":\"<i>Basile 2<\\\/i> tir\\u00e9 de <i>Autour du monde<\\\/i> par \\u00c9cole Aim\\u00e9 C\\u00e9saire de Martignas sur Jalle. Date de sortie&nbsp;: 2017. Piste 5 sur 18. Genre&nbsp;: Chanson\",\"meta\":{\"artist\":\"\\u00c9cole Aim\\u00e9 C\\u00e9saire de Martignas sur Jalle\",\"album\":\"Autour du monde\",\"genre\":\"Chanson\",\"year\":\"2017\",\"length_formatted\":\"0:27\"},\"image\":{\"src\":\"https:\\\/\\\/bordono.com\\\/chanson\\\/wp-includes\\\/images\\\/media\\\/audio.png\",\"width\":48,\"height\":64},\"thumb\":{\"src\":\"https:\\\/\\\/bordono.com\\\/chanson\\\/wp-includes\\\/images\\\/media\\\/audio.png\",\"width\":48,\"height\":64}},{\"src\":\"https:\\\/\\\/bordono.com\\\/chanson\\\/wp-content\\\/uploads\\\/2017\\\/06\\\/06-Oh-Cest-Annie-.mp3\",\"type\":\"audio\\\/mpeg\",\"title\":\"Oh ! C'est Annie !\",\"caption\":\"\",\"description\":\"<i>Oh ! C'est Annie !<\\\/i> tir\\u00e9 de <i>Autour du monde<\\\/i> par \\u00c9cole Aim\\u00e9 C\\u00e9saire de Martignas sur Jalle. Date de sortie&nbsp;: 2017. Piste 6 sur 18. Genre&nbsp;: Chanson\",\"meta\":{\"artist\":\"\\u00c9cole Aim\\u00e9 C\\u00e9saire de Martignas sur Jalle\",\"album\":\"Autour du monde\",\"genre\":\"Chanson\",\"year\":\"2017\",\"length_formatted\":\"3:02\"},\"image\":{\"src\":\"https:\\\/\\\/bordono.com\\\/chanson\\\/wp-includes\\\/images\\\/media\\\/audio.png\",\"width\":48,\"height\":64},\"thumb\":{\"src\":\"https:\\\/\\\/bordono.com\\\/chanson\\\/wp-includes\\\/images\\\/media\\\/audio.png\",\"width\":48,\"height\":64}},{\"src\":\"https:\\\/\\\/bordono.com\\\/chanson\\\/wp-content\\\/uploads\\\/2017\\\/06\\\/07-Histoire-dOc\\u00e9anie.mp3\",\"type\":\"audio\\\/mpeg\",\"title\":\"Histoire d'Oc\\u00e9anie\",\"caption\":\"\",\"description\":\"<i>Histoire d'Oc\\u00e9anie<\\\/i> tir\\u00e9 de <i>Autour du monde<\\\/i> par \\u00c9cole Aim\\u00e9 C\\u00e9saire de Martignas sur Jalle. Date de sortie&nbsp;: 2017. Piste 7 sur 18. Genre&nbsp;: Chanson\",\"meta\":{\"artist\":\"\\u00c9cole Aim\\u00e9 C\\u00e9saire de Martignas sur Jalle\",\"album\":\"Autour du monde\",\"genre\":\"Chanson\",\"year\":\"2017\",\"length_formatted\":\"2:10\"},\"image\":{\"src\":\"https:\\\/\\\/bordono.com\\\/chanson\\\/wp-includes\\\/images\\\/media\\\/audio.png\",\"width\":48,\"height\":64},\"thumb\":{\"src\":\"https:\\\/\\\/bordono.com\\\/chanson\\\/wp-includes\\\/images\\\/media\\\/audio.png\",\"width\":48,\"height\":64}},{\"src\":\"https:\\\/\\\/bordono.com\\\/chanson\\\/wp-content\\\/uploads\\\/2017\\\/06\\\/08-En-Australie.mp3\",\"type\":\"audio\\\/mpeg\",\"title\":\"En Australie\",\"caption\":\"\",\"description\":\"<i>En Australie<\\\/i> tir\\u00e9 de <i>Autour du monde<\\\/i> par \\u00c9cole Aim\\u00e9 C\\u00e9saire de Martignas sur Jalle. Date de sortie&nbsp;: 2017. Piste 8 sur 18. Genre&nbsp;: Chanson\",\"meta\":{\"artist\":\"\\u00c9cole Aim\\u00e9 C\\u00e9saire de Martignas sur Jalle\",\"album\":\"Autour du monde\",\"genre\":\"Chanson\",\"year\":\"2017\",\"length_formatted\":\"2:37\"},\"image\":{\"src\":\"https:\\\/\\\/bordono.com\\\/chanson\\\/wp-includes\\\/images\\\/media\\\/audio.png\",\"width\":48,\"height\":64},\"thumb\":{\"src\":\"https:\\\/\\\/bordono.com\\\/chanson\\\/wp-includes\\\/images\\\/media\\\/audio.png\",\"width\":48,\"height\":64}},{\"src\":\"https:\\\/\\\/bordono.com\\\/chanson\\\/wp-content\\\/uploads\\\/2017\\\/06\\\/09-Basile-3.mp3\",\"type\":\"audio\\\/mpeg\",\"title\":\"Basile 3\",\"caption\":\"\",\"description\":\"<i>Basile 3<\\\/i> tir\\u00e9 de <i>Autour du monde<\\\/i> par \\u00c9cole Aim\\u00e9 C\\u00e9saire de Martignas sur Jalle. Date de sortie&nbsp;: 2017. Piste 9 sur 18. Genre&nbsp;: Chanson\",\"meta\":{\"artist\":\"\\u00c9cole Aim\\u00e9 C\\u00e9saire de Martignas sur Jalle\",\"album\":\"Autour du monde\",\"genre\":\"Chanson\",\"year\":\"2017\",\"length_formatted\":\"0:27\"},\"image\":{\"src\":\"https:\\\/\\\/bordono.com\\\/chanson\\\/wp-includes\\\/images\\\/media\\\/audio.png\",\"width\":48,\"height\":64},\"thumb\":{\"src\":\"https:\\\/\\\/bordono.com\\\/chanson\\\/wp-includes\\\/images\\\/media\\\/audio.png\",\"width\":48,\"height\":64}},{\"src\":\"https:\\\/\\\/bordono.com\\\/chanson\\\/wp-content\\\/uploads\\\/2017\\\/06\\\/10-Au-dojo-de-Tokyo.mp3\",\"type\":\"audio\\\/mpeg\",\"title\":\"Au dojo de Tokyo\",\"caption\":\"\",\"description\":\"<i>Au dojo de Tokyo<\\\/i> tir\\u00e9 de <i>Autour du monde<\\\/i> par \\u00c9cole Aim\\u00e9 C\\u00e9saire de Martignas sur Jalle. Date de sortie&nbsp;: 2017. Piste 10 sur 18. Genre&nbsp;: Chanson\",\"meta\":{\"artist\":\"\\u00c9cole Aim\\u00e9 C\\u00e9saire de Martignas sur Jalle\",\"album\":\"Autour du monde\",\"genre\":\"Chanson\",\"year\":\"2017\",\"length_formatted\":\"3:40\"},\"image\":{\"src\":\"https:\\\/\\\/bordono.com\\\/chanson\\\/wp-includes\\\/images\\\/media\\\/audio.png\",\"width\":48,\"height\":64},\"thumb\":{\"src\":\"https:\\\/\\\/bordono.com\\\/chanson\\\/wp-includes\\\/images\\\/media\\\/audio.png\",\"width\":48,\"height\":64}},{\"src\":\"https:\\\/\\\/bordono.com\\\/chanson\\\/wp-content\\\/uploads\\\/2017\\\/06\\\/11-Histoire-dAsie.mp3\",\"type\":\"audio\\\/mpeg\",\"title\":\"Histoire d'Asie\",\"caption\":\"\",\"description\":\"<i>Histoire d'Asie<\\\/i> tir\\u00e9 de <i>Autour du monde<\\\/i> par \\u00c9cole Aim\\u00e9 C\\u00e9saire de Martignas sur Jalle. Date de sortie&nbsp;: 2017. Piste 11 sur 18. Genre&nbsp;: Chanson\",\"meta\":{\"artist\":\"\\u00c9cole Aim\\u00e9 C\\u00e9saire de Martignas sur Jalle\",\"album\":\"Autour du monde\",\"genre\":\"Chanson\",\"year\":\"2017\",\"length_formatted\":\"3:34\"},\"image\":{\"src\":\"https:\\\/\\\/bordono.com\\\/chanson\\\/wp-includes\\\/images\\\/media\\\/audio.png\",\"width\":48,\"height\":64},\"thumb\":{\"src\":\"https:\\\/\\\/bordono.com\\\/chanson\\\/wp-includes\\\/images\\\/media\\\/audio.png\",\"width\":48,\"height\":64}},{\"src\":\"https:\\\/\\\/bordono.com\\\/chanson\\\/wp-content\\\/uploads\\\/2017\\\/06\\\/12-Les-saveurs-de-lAsie.mp3\",\"type\":\"audio\\\/mpeg\",\"title\":\"Les saveurs de l'Asie\",\"caption\":\"\",\"description\":\"<i>Les saveurs de l'Asie<\\\/i> tir\\u00e9 de <i>Autour du monde<\\\/i> par \\u00c9cole Aim\\u00e9 C\\u00e9saire de Martignas sur Jalle. Date de sortie&nbsp;: 2017. Piste 12 sur 18. Genre&nbsp;: Chanson\",\"meta\":{\"artist\":\"\\u00c9cole Aim\\u00e9 C\\u00e9saire de Martignas sur Jalle\",\"album\":\"Autour du monde\",\"genre\":\"Chanson\",\"year\":\"2017\",\"length_formatted\":\"3:26\"},\"image\":{\"src\":\"https:\\\/\\\/bordono.com\\\/chanson\\\/wp-includes\\\/images\\\/media\\\/audio.png\",\"width\":48,\"height\":64},\"thumb\":{\"src\":\"https:\\\/\\\/bordono.com\\\/chanson\\\/wp-includes\\\/images\\\/media\\\/audio.png\",\"width\":48,\"height\":64}},{\"src\":\"https:\\\/\\\/bordono.com\\\/chanson\\\/wp-content\\\/uploads\\\/2017\\\/06\\\/13-Histoire-dAm\\u00e9riques-1\\u00e8re-partie.mp3\",\"type\":\"audio\\\/mpeg\",\"title\":\"Histoire d'Am\\u00e9riques - 1\\u00e8re partie\",\"caption\":\"\",\"description\":\"<i>Histoire d'Am\\u00e9riques - 1\\u00e8re partie<\\\/i> tir\\u00e9 de <i>Autour du monde<\\\/i> par \\u00c9cole Aim\\u00e9 C\\u00e9saire de Martignas sur Jalle. Date de sortie&nbsp;: 2017. Piste 13 sur 18. Genre&nbsp;: Chanson\",\"meta\":{\"artist\":\"\\u00c9cole Aim\\u00e9 C\\u00e9saire de Martignas sur Jalle\",\"album\":\"Autour du monde\",\"genre\":\"Chanson\",\"year\":\"2017\",\"length_formatted\":\"1:03\"},\"image\":{\"src\":\"https:\\\/\\\/bordono.com\\\/chanson\\\/wp-includes\\\/images\\\/media\\\/audio.png\",\"width\":48,\"height\":64},\"thumb\":{\"src\":\"https:\\\/\\\/bordono.com\\\/chanson\\\/wp-includes\\\/images\\\/media\\\/audio.png\",\"width\":48,\"height\":64}},{\"src\":\"https:\\\/\\\/bordono.com\\\/chanson\\\/wp-content\\\/uploads\\\/2017\\\/06\\\/14-Cest-un-grand-jour.mp3\",\"type\":\"audio\\\/mpeg\",\"title\":\"C'est un grand jour\",\"caption\":\"\",\"description\":\"<i>C'est un grand jour<\\\/i> tir\\u00e9 de <i>Autour du monde<\\\/i> par \\u00c9cole Aim\\u00e9 C\\u00e9saire de Martignas sur Jalle. Date de sortie&nbsp;: 2017. Piste 14 sur 18. Genre&nbsp;: Chanson\",\"meta\":{\"artist\":\"\\u00c9cole Aim\\u00e9 C\\u00e9saire de Martignas sur Jalle\",\"album\":\"Autour du monde\",\"genre\":\"Chanson\",\"year\":\"2017\",\"length_formatted\":\"3:18\"},\"image\":{\"src\":\"https:\\\/\\\/bordono.com\\\/chanson\\\/wp-includes\\\/images\\\/media\\\/audio.png\",\"width\":48,\"height\":64},\"thumb\":{\"src\":\"https:\\\/\\\/bordono.com\\\/chanson\\\/wp-includes\\\/images\\\/media\\\/audio.png\",\"width\":48,\"height\":64}},{\"src\":\"https:\\\/\\\/bordono.com\\\/chanson\\\/wp-content\\\/uploads\\\/2017\\\/06\\\/15-Histoire-dAm\\u00e9riques-2\\u00e8me-partie.mp3\",\"type\":\"audio\\\/mpeg\",\"title\":\"Histoire d'Am\\u00e9riques - 2\\u00e8me partie\",\"caption\":\"\",\"description\":\"<i>Histoire d'Am\\u00e9riques - 2\\u00e8me partie<\\\/i> tir\\u00e9 de <i>Autour du monde<\\\/i> par \\u00c9cole Aim\\u00e9 C\\u00e9saire de Martignas sur Jalle. Date de sortie&nbsp;: 2017. Piste 15 sur 18. Genre&nbsp;: Chanson\",\"meta\":{\"artist\":\"\\u00c9cole Aim\\u00e9 C\\u00e9saire de Martignas sur Jalle\",\"album\":\"Autour du monde\",\"genre\":\"Chanson\",\"year\":\"2017\",\"length_formatted\":\"0:48\"},\"image\":{\"src\":\"https:\\\/\\\/bordono.com\\\/chanson\\\/wp-includes\\\/images\\\/media\\\/audio.png\",\"width\":48,\"height\":64},\"thumb\":{\"src\":\"https:\\\/\\\/bordono.com\\\/chanson\\\/wp-includes\\\/images\\\/media\\\/audio.png\",\"width\":48,\"height\":64}},{\"src\":\"https:\\\/\\\/bordono.com\\\/chanson\\\/wp-content\\\/uploads\\\/2017\\\/06\\\/16-Music-in-NY.mp3\",\"type\":\"audio\\\/mpeg\",\"title\":\"Music in NY\",\"caption\":\"\",\"description\":\"<i>Music in NY<\\\/i> tir\\u00e9 de <i>Autour du monde<\\\/i> par \\u00c9cole Aim\\u00e9 C\\u00e9saire de Martignas sur Jalle. Date de sortie&nbsp;: 2017. Piste 16 sur 18. Genre&nbsp;: Chanson\",\"meta\":{\"artist\":\"\\u00c9cole Aim\\u00e9 C\\u00e9saire de Martignas sur Jalle\",\"album\":\"Autour du monde\",\"genre\":\"Chanson\",\"year\":\"2017\",\"length_formatted\":\"4:08\"},\"image\":{\"src\":\"https:\\\/\\\/bordono.com\\\/chanson\\\/wp-includes\\\/images\\\/media\\\/audio.png\",\"width\":48,\"height\":64},\"thumb\":{\"src\":\"https:\\\/\\\/bordono.com\\\/chanson\\\/wp-includes\\\/images\\\/media\\\/audio.png\",\"width\":48,\"height\":64}},{\"src\":\"https:\\\/\\\/bordono.com\\\/chanson\\\/wp-content\\\/uploads\\\/2017\\\/06\\\/17-Basile-4.mp3\",\"type\":\"audio\\\/mpeg\",\"title\":\"Basile 4\",\"caption\":\"\",\"description\":\"<i>Basile 4<\\\/i> tir\\u00e9 de <i>Autour du monde<\\\/i> par \\u00c9cole Aim\\u00e9 C\\u00e9saire de Martignas sur Jalle. Date de sortie&nbsp;: 2017. Piste 17 sur 18. Genre&nbsp;: Chanson\",\"meta\":{\"artist\":\"\\u00c9cole Aim\\u00e9 C\\u00e9saire de Martignas sur Jalle\",\"album\":\"Autour du monde\",\"genre\":\"Chanson\",\"year\":\"2017\",\"length_formatted\":\"0:32\"},\"image\":{\"src\":\"https:\\\/\\\/bordono.com\\\/chanson\\\/wp-includes\\\/images\\\/media\\\/audio.png\",\"width\":48,\"height\":64},\"thumb\":{\"src\":\"https:\\\/\\\/bordono.com\\\/chanson\\\/wp-includes\\\/images\\\/media\\\/audio.png\",\"width\":48,\"height\":64}},{\"src\":\"https:\\\/\\\/bordono.com\\\/chanson\\\/wp-content\\\/uploads\\\/2017\\\/06\\\/18-Autour-du-Monde.mp3\",\"type\":\"audio\\\/mpeg\",\"title\":\"Autour du Monde\",\"caption\":\"\",\"description\":\"<i>Autour du Monde<\\\/i> tir\\u00e9 de <i>Autour du monde<\\\/i> par \\u00c9cole Aim\\u00e9 C\\u00e9saire de Martignas sur Jalle. Date de sortie&nbsp;: 2017. Piste 18 sur 18. Genre&nbsp;: Chanson\",\"meta\":{\"artist\":\"\\u00c9cole Aim\\u00e9 C\\u00e9saire de Martignas sur Jalle\",\"album\":\"Autour du monde\",\"genre\":\"Chanson\",\"year\":\"2017\",\"length_formatted\":\"3:30\"},\"image\":{\"src\":\"https:\\\/\\\/bordono.com\\\/chanson\\\/wp-includes\\\/images\\\/media\\\/audio.png\",\"width\":48,\"height\":64},\"thumb\":{\"src\":\"https:\\\/\\\/bordono.com\\\/chanson\\\/wp-includes\\\/images\\\/media\\\/audio.png\",\"width\":48,\"height\":64}}]}<\/script>\n<\/div>\n\t\n","protected":false},"excerpt":{"rendered":"<p>\u00c9crit entre septembre 2016 et Avril 2017, avec 4 classes du CE1 au CM2 de l&rsquo;\u00e9cole Aim\u00e9 C\u00e9saire de Martignas sur Jalle, le spectacle \u00ab\u00a0Autour du Monde\u00a0\u00bb a \u00e9t\u00e9 jou\u00e9 dans la salle G\u00e9rard Philippe de Martignas le 18 Mai 2017. Bient\u00f4t, des images, et en attendant, voici de quoi \u00e9couter le r\u00e9sultat&#8230;<\/p>\n","protected":false},"author":1,"featured_media":0,"parent":204,"menu_order":1,"comment_status":"closed","ping_status":"closed","template":"","meta":[],"_links":{"self":[{"href":"https:\/\/bordono.com\/chanson\/index.php?rest_route=\/wp\/v2\/pages\/202"}],"collection":[{"href":"https:\/\/bordono.com\/chanson\/index.php?rest_route=\/wp\/v2\/pages"}],"about":[{"href":"https:\/\/bordono.com\/chanson\/index.php?rest_route=\/wp\/v2\/types\/page"}],"author":[{"embeddable":true,"href":"https:\/\/bordono.com\/chanson\/index.php?rest_route=\/wp\/v2\/users\/1"}],"replies":[{"embeddable":true,"href":"https:\/\/bordono.com\/chanson\/index.php?rest_route=%2Fwp%2Fv2%2Fcomments&post=202"}],"version-history":[{"count":5,"href":"https:\/\/bordono.com\/chanson\/index.php?rest_route=\/wp\/v2\/pages\/202\/revisions"}],"predecessor-version":[{"id":267,"href":"https:\/\/bordono.com\/chanson\/index.php?rest_route=\/wp\/v2\/pages\/202\/revisions\/267"}],"up":[{"embeddable":true,"href":"https:\/\/bordono.com\/chanson\/index.php?rest_route=\/wp\/v2\/pages\/204"}],"wp:attachment":[{"href":"https:\/\/bordono.com\/chanson\/index.php?rest_route=%2Fwp%2Fv2%2Fmedia&parent=202"}],"curies":[{"name":"wp","href":"https:\/\/api.w.org\/{rel}","templated":true}]}}