{"id":180,"date":"2017-04-11T21:52:33","date_gmt":"2017-04-11T21:52:33","guid":{"rendered":"http:\/\/bordono.com\/chanson\/?page_id=180"},"modified":"2017-04-11T22:06:57","modified_gmt":"2017-04-11T22:06:57","slug":"de-quoi-sagit-il","status":"publish","type":"page","link":"https:\/\/bordono.com\/chanson\/?page_id=180","title":{"rendered":"De quoi s&rsquo;agit-il ?"},"content":{"rendered":"<p style=\"text-align: left;\"><img loading=\"lazy\" class=\"alignnone size-full wp-image-154 aligncenter\" src=\"http:\/\/bordono.com\/chanson\/wp-content\/uploads\/2017\/04\/ddb.jpg\" alt=\"ddb\" width=\"239\" height=\"31\" \/>est un spectacle\u00a0incluant un livret l\u00e9ger sous forme de mini-conf\u00e9rence, et 7 chansons d\u00e9j\u00e0 \u00e9crites, plus une \u00e0 \u00e9crire avec les enfants.<\/p>\n<div class=\"page\" style=\"text-align: justify;\" title=\"Page 1\">\n<div class=\"layoutArea\">\n<div class=\"column\">\n<p>La dur\u00e9e est d\u2019environ 45 mn (35 mn de musique et 10 mn de parole).<\/p>\n<p>Cela raconte les histoires de Dolly le dauphin femelle, Raymond la raie, Mitch la mygale, Falbala la phacoch\u00e8re, Solange le solen, Larry le lapin et Simone la cigogne. Ils ont tous des probl\u00e8mes, mais leur trouvent tous des solutions. La conf\u00e9rence, sur le ton humoristique, permet de pr\u00e9senter ces chansons avant leur interpr\u00e9tation.<\/p>\n<p><a href=\"http:\/\/bordono.com\/chanson\/?page_id=180\">De quoi s&rsquo;agit-il ?<\/a>\u00a0&#8211;\u00a0<a href=\"http:\/\/bordono.com\/chanson\/?page_id=178\">La Proposition<\/a>\u00a0&#8211;\u00a0<a href=\"http:\/\/bordono.com\/chanson\/?page_id=182\">Les chansons<\/a>\u00a0&#8211;\u00a0<a href=\"http:\/\/bordono.com\/chanson\/?page_id=184\">Le budget<\/a><\/p>\n<\/div>\n<\/div>\n<\/div>\n","protected":false},"excerpt":{"rendered":"<p>est un spectacle\u00a0incluant un livret l\u00e9ger sous forme de mini-conf\u00e9rence, et 7 chansons d\u00e9j\u00e0 \u00e9crites, plus une \u00e0 \u00e9crire avec les enfants. La dur\u00e9e est d\u2019environ 45 mn (35 mn de musique et 10 mn de parole). Cela raconte les histoires de Dolly le dauphin femelle, Raymond la raie, Mitch la mygale, Falbala la phacoch\u00e8re, &hellip; <a href=\"https:\/\/bordono.com\/chanson\/?page_id=180\" class=\"more-link\">Continuer la lecture<span class=\"screen-reader-text\"> de <span class=\"screen-reader-text\">De quoi s&rsquo;agit-il ?<\/span><\/span>&nbsp;<span class=\"meta-nav\">&rarr;<\/span><\/a><\/p>\n","protected":false},"author":1,"featured_media":0,"parent":153,"menu_order":0,"comment_status":"closed","ping_status":"closed","template":"","meta":[],"_links":{"self":[{"href":"https:\/\/bordono.com\/chanson\/index.php?rest_route=\/wp\/v2\/pages\/180"}],"collection":[{"href":"https:\/\/bordono.com\/chanson\/index.php?rest_route=\/wp\/v2\/pages"}],"about":[{"href":"https:\/\/bordono.com\/chanson\/index.php?rest_route=\/wp\/v2\/types\/page"}],"author":[{"embeddable":true,"href":"https:\/\/bordono.com\/chanson\/index.php?rest_route=\/wp\/v2\/users\/1"}],"replies":[{"embeddable":true,"href":"https:\/\/bordono.com\/chanson\/index.php?rest_route=%2Fwp%2Fv2%2Fcomments&post=180"}],"version-history":[{"count":2,"href":"https:\/\/bordono.com\/chanson\/index.php?rest_route=\/wp\/v2\/pages\/180\/revisions"}],"predecessor-version":[{"id":188,"href":"https:\/\/bordono.com\/chanson\/index.php?rest_route=\/wp\/v2\/pages\/180\/revisions\/188"}],"up":[{"embeddable":true,"href":"https:\/\/bordono.com\/chanson\/index.php?rest_route=\/wp\/v2\/pages\/153"}],"wp:attachment":[{"href":"https:\/\/bordono.com\/chanson\/index.php?rest_route=%2Fwp%2Fv2%2Fmedia&parent=180"}],"curies":[{"name":"wp","href":"https:\/\/api.w.org\/{rel}","templated":true}]}}