{"id":100,"date":"2015-06-24T07:51:19","date_gmt":"2015-06-24T07:51:19","guid":{"rendered":"http:\/\/bordono.com\/chanson\/?page_id=100"},"modified":"2017-04-11T22:36:42","modified_gmt":"2017-04-11T22:36:42","slug":"bio","status":"publish","type":"page","link":"https:\/\/bordono.com\/chanson\/?page_id=100","title":{"rendered":"Bio"},"content":{"rendered":"<h4 style=\"text-align: center;\"><em>Clarinettiste, saxophoniste, chanteur, auteur, compositeur, arrangeur,\u2026<\/em><\/h4>\n<p style=\"text-align: justify;\"><a href=\"http:\/\/bordono.com\/chanson\/wp-content\/uploads\/2015\/06\/Gilles-Bordonneau.jpg\"><img loading=\"lazy\" class=\" wp-image-103 size-medium aligncenter\" src=\"http:\/\/bordono.com\/chanson\/wp-content\/uploads\/2015\/06\/Gilles-Bordonneau-201x300.jpg\" alt=\"Gilles-Bordonneau\" width=\"201\" height=\"300\" srcset=\"https:\/\/bordono.com\/chanson\/wp-content\/uploads\/2015\/06\/Gilles-Bordonneau-201x300.jpg 201w, https:\/\/bordono.com\/chanson\/wp-content\/uploads\/2015\/06\/Gilles-Bordonneau.jpg 300w\" sizes=\"(max-width: 201px) 100vw, 201px\" \/><\/a><\/p>\n<p style=\"text-align: justify;\"><em>Apr\u00e8s des d\u00e9but dans l\u2019harmonie \u00ab\u00a0L\u2019Avenir de Carcans\u00a0\u00bb (Ah, les d\u00e9fil\u00e9s du 11 Novembre, la Ste C\u00e9cile et son banquet,&#8230;), je suis entr\u00e9\u00a0en classe de clarinette au Conservatoire de Bordeaux, tout en poursuivant des \u00e9tudes traditionnelles.<\/em><\/p>\n<p style=\"text-align: justify;\"><em> Quelques ann\u00e9es plus tard, un bac scientifique en poche, je me suis inscrit en\u00a0fac de musicologie, bien d\u00e9cid\u00e9 \u00e0 devenir prof, tout en continuant \u00e0 faire de la musique. J&rsquo;ai aussi mont\u00e9\u00a0un groupe avec deux amis, \u00e7a s&rsquo;appelait \u00ab\u00a0Prise Multiple\u00a0\u00bb.<strong>\u00a0<\/strong>Nous chantions\u00a0en fran\u00e7ais, dans tous les styles. Depuis, je n&rsquo;ai\u00a0pas arr\u00eat\u00e9 de jouer et d\u2019\u00e9crire. J&rsquo;ai\u00a0quand m\u00eame continu\u00e9 la fac, ce qui m&rsquo;a\u00a0a permis de travailler l\u2019harmonie, le chant, la musique \u00e9lectroacoustique&#8230;<\/em><\/p>\n<p style=\"text-align: justify;\"><em>Depuis plus de 25\u00a0ans, j&rsquo;ai\u00a0travaill\u00e9 avec des artistes et compagnies tels que Olivier Gerbeaud et la <a href=\"http:\/\/ciemutine.org\" target=\"_blank\">compagnie Mutine<\/a>, l\u2019Ensemble de Poche, David Buhatois, Les <a href=\"http:\/\/tsaa.fr\" target=\"_blank\">Taupes Secr\u00e8tes Artistes Associ\u00e9s<\/a>, La compagnie Cirk\u2019On Flex, MCa, Le centre Mikado, le Th\u00e9\u00e2tre \u00e0 Coulisses et la compagnie <a href=\"http:\/\/cie-le-glob.fr\" target=\"_blank\">Le Glob\/Jean-Luc Ollivier<\/a>, <a href=\"http:\/\/fredbatista.com\" target=\"_blank\">Fred Batista<\/a>, la <a href=\"http:\/\/www.compagnie-humaine.org\" target=\"_blank\">Compagnie Humaine<\/a>, La compagnie<a href=\"http:\/\/choctrio.com\" target=\"_blank\"> Choc Trio<\/a>, The Film, Zimpala\u2026<\/em><\/p>\n<hr \/>\n<h4 style=\"text-align: center;\">\u00a0Descriptif d\u2019actions r\u00e9alis\u00e9es aupr\u00e8s d\u2019enfants :<\/h4>\n<p style=\"text-align: center;\"><img loading=\"lazy\" class=\" size-full wp-image-102 aligncenter\" src=\"http:\/\/bordono.com\/chanson\/wp-content\/uploads\/2015\/06\/bordono2.jpg\" alt=\"bordono2\" width=\"448\" height=\"300\" srcset=\"https:\/\/bordono.com\/chanson\/wp-content\/uploads\/2015\/06\/bordono2.jpg 448w, https:\/\/bordono.com\/chanson\/wp-content\/uploads\/2015\/06\/bordono2-300x201.jpg 300w\" sizes=\"(max-width: 448px) 100vw, 448px\" \/><\/p>\n<h6 style=\"text-align: justify;\"><em>Entre 1992 et 2005, j\u2019ai \u00e9crit pour des enfants (de la maternelle au CM2) la musique de 6 com\u00e9dies musicales. \u00c0 chaque fois, ce travail se faisait en collaboration avec une auteure. Les textes des chansons, le choix des styles musicaux \u00e9taient \u00e9crits et choisis\u00a0avec les enfants.<\/em><\/h6>\n<ul style=\"text-align: center;\">\n<li style=\"text-align: justify;\"><strong>1992\/93\u00a0:<\/strong>\u00a0avec le Centre Mikado, Marie C\u00e9line Lachaud (auteure) et l\u2019\u00c9cole Ste Marie de M\u00e9rignac (de la petite section de maternelle au CM2)\u00a0: \u00e9criture de la musique d\u2019une com\u00e9die musicale, \u00ab\u00a0Graine de sagesse\u00a0\u00bb, jou\u00e9e par les enfants de l\u2019\u00e9cole.<\/li>\n<li style=\"text-align: justify;\"><strong>1995\/96\u00a0:<\/strong>\u00a0avec le centre Mikado et Marie C\u00e9line Lachaud (auteure), \u00e9criture de la musique d\u2019une com\u00e9die musicale, \u00ab\u00a0Mascarade\u00a0\u00bb, jou\u00e9e par les enfants du centre.\u00a0Avec le centre Mikado, Marie C\u00e9line Lachaud et l\u2019\u00c9cole Ste Marie de M\u00e9rignac, \u00e9criture de la musique d\u2019une com\u00e9die musicale, \u00ab\u00a0La note fatale\u00a0\u00bb, jou\u00e9e par les enfants de l\u2019\u00e9cole.<\/li>\n<li style=\"text-align: justify;\"><strong>1999\/2000\u00a0:<\/strong>\u00a0avec Marion Mirbeau (auteure) et l\u2019\u00c9cole Ste Marie de M\u00e9rignac, \u00e9criture de la musique d\u2019une com\u00e9die musicale, \u00ab\u00a02539, l\u2019Odyss\u00e9e des enfants\u00a0\u00bb, jou\u00e9e par les enfants, accompagn\u00e9e par des musiciens en live. Enregistrement live de la performance.<\/li>\n<li style=\"text-align: justify;\"><strong>2000\/2001\u00a0:<\/strong>\u00a0avec Marion Mirbeau (auteure), \u00e9criture de la musique d\u2019une com\u00e9die musicale, \u00ab\u00a0Lulu et Lili for ever\u00a0\u00bb, jou\u00e9e au Cuvier de Feydeay \u00e0 Artigues par les enfants des ateliers de la compagnie Marion Mirbeau. Celui-ci a \u00e9t\u00e9 repris en juin 2016, toujours \u00e0 Artigues.<\/li>\n<li style=\"text-align: justify;\"><strong>2004\/05\u00a0:<\/strong>\u00a0avec Marion Mirbeau (auteure) et l\u2019\u00c9cole Ste Marie de M\u00e9rignac, \u00e9criture de la musique d\u2019une com\u00e9die musicale, \u00ab\u00a0L\u2019enfant oubli\u00e9\u00a0\u00bb, jou\u00e9e par les enfants de l\u2019\u00e9cole.<\/li>\n<\/ul>\n<hr \/>\n<h4 style=\"text-align: center;\">J\u2019ai aussi men\u00e9 seul des projets de cr\u00e9ation de chansons \u00e0 l\u2019\u00e9cole\u00a0:<\/h4>\n<h4 style=\"text-align: center;\"><a href=\"http:\/\/bordono.com\/chanson\/wp-content\/uploads\/2015\/06\/OVLD2.jpg\"><img loading=\"lazy\" class=\" size-full wp-image-104 aligncenter\" src=\"http:\/\/bordono.com\/chanson\/wp-content\/uploads\/2015\/06\/OVLD2.jpg\" alt=\"OVLD2\" width=\"533\" height=\"300\" srcset=\"https:\/\/bordono.com\/chanson\/wp-content\/uploads\/2015\/06\/OVLD2.jpg 533w, https:\/\/bordono.com\/chanson\/wp-content\/uploads\/2015\/06\/OVLD2-300x169.jpg 300w\" sizes=\"(max-width: 533px) 100vw, 533px\" \/><\/a><\/h4>\n<ul style=\"text-align: center;\">\n<li style=\"text-align: justify;\"><strong>1994\/95\u00a0:<\/strong> cr\u00e9ation de chansons (une chanson par classe) \u00e0 l\u2019\u00e9cole primaire de Carcans.\u00a0L\u2019\u00e9criture des textes et le choix des styles musicaux \u00e9taient r\u00e9alis\u00e9s en collaboration avec les enfants. J\u2019ai par la suite arrang\u00e9 les musiques pour l\u2019Harmonie de Carcans, en vue d\u2019un concert commun \u00e0 la fin de l\u2019ann\u00e9e scolaire.<\/li>\n<li style=\"text-align: justify;\"><strong>2008\/09\u00a0:<\/strong> dans le cadre d\u2019un projet men\u00e9 par Olivier Gerbeaud et la Compagnie Mutine, cr\u00e9ation de chansons avec 3 classes de cycle 3 de l\u2019\u00e9cole de Cubzac-Les-Ponts (33).\u00a0Avec les enfants, \u00e9criture d\u2019une histoire et des textes de 2 chansons par classe, et choix des styles musicaux pour les chansons.<\/li>\n<li style=\"text-align: justify;\"><strong>2014\/15\u00a0:<\/strong>\u00a0dans l\u2019\u00e9cole Camille Claudel de Bruges, cr\u00e9ation du spectacle \u00ab\u00a0<a href=\"http:\/\/bordono.com\/chanson\/?page_id=40\">On va leur dire<\/a>\u00a0\u00bb avec l\u2019ensemble des 7 classes de l\u2019\u00e9cole. Dans chaque classe, \u00e9criture avec les enfants d\u2019une histoire, et du texte de deux chansons. Tout un travail de bruitage et de \u00ab\u00a0mise en ambiance\u00a0\u00bb sonore des histoires a \u00e9t\u00e9 r\u00e9alis\u00e9 avec les enfants.<\/li>\n<li style=\"text-align: justify;\"><strong>2016\/17 :<\/strong> Dans l&rsquo;\u00e9cole Aim\u00e9 C\u00e9saire de Martignas-sur-Jalle, cr\u00e9ation du spectacle \u00ab\u00a0Autour du Monde\u00a0\u00bb avec 4 classes, du CE1 au CM2.<br \/>\nDans le coll\u00e8ge Pierre de Belleyme de Pauillac, cr\u00e9ation du spectacle \u00ab\u00a0Itin\u00e9raires d&rsquo;esclaves\u00a0\u00bb avec deux classes de 4\u00e8me SEGPA. Celui-ci sera cr\u00e9\u00e9\u00a0en juin \u00e0 Pauillac, et pr\u00e9sent\u00e9 dans le cadre de la f\u00eate des coll\u00e9giens \u00e0 Cenon.<\/li>\n<\/ul>\n<hr \/>\n<h4>Autres actions aupr\u00e8s d&rsquo;enfants :<\/h4>\n<ul>\n<li><strong> De 1987 \u00e0 1999<\/strong>, Enseignement en clarinette et formation musicale dans plusieurs \u00e9coles de musiques de la r\u00e9gion Bordelaise : Ecole de musique de Caud\u00e9ran, Ecole de musique de Pessac Verthamon, M.A.P. (Bordeaux, M\u00e9rignac).<\/li>\n<li style=\"text-align: justify;\"><strong>2003 :<\/strong> intervention en \u00ab\u00a0MAO\u00a0\u00bb dans le Stage <a href=\"http:\/\/sejoursems.canalblog.com\" target=\"_blank\">Enfants Musique Spectacle<\/a> fin ao\u00fbt\u00a0: cr\u00e9ation d\u2019ambiances et de pi\u00e8ces musicales \u00e9lectroniques avec les enfants. Diffusion en 5.1 lors de la repr\u00e9sentation au cin\u00e9ma de Luz St Sauveur.<\/li>\n<li style=\"text-align: justify;\"><strong>2004 et 2005 :<\/strong> cr\u00e9ation de bandes sonores pour des films d\u2019animation, dans le cadre d\u2019un atelier de Manuel Magnani, au coll\u00e8ge de Sauveterre de Guyenne (33).<\/li>\n<li style=\"text-align: justify;\"><strong>2007 :<\/strong> Nouvelle participation au stage Enfants Musique Spectacle, toujours en M.A.O pour la cr\u00e9ation\u00a0d\u2019ambiances et de pi\u00e8ces musicales \u00e9lectroniques avec les enfants.<\/li>\n<li style=\"text-align: justify;\"><strong>2008\/09 :<\/strong>\u00a0encadrement avec Olivier Gerbeaud (<a href=\"http:\/\/ciemutine.org\" target=\"_blank\">Cie Mutine<\/a>) et Val\u00e9rie Le Naour (<a href=\"http:\/\/palabras.fr\" target=\"_blank\">Palabras<\/a>) du projet \u00ab\u00a0Le bruit de mon passage\u00a0\u00bb, projet visant \u00e0 monter un spectacle autour de la chanson avec des \u00e9l\u00e8ves de 3 lyc\u00e9es agricoles girondins (Blanquefort, Bommes, Bazas)<\/li>\n<li style=\"text-align: justify;\"><strong>2011 :<\/strong>\u00a0cr\u00e9ations musicales pour des lectures th\u00e9\u00e2tralis\u00e9es m\u00e9langeant amateurs et professionnels de tous \u00e2ges, dont une classe de l&rsquo;\u00e9cole \u00e9l\u00e9mentaire de Monclar (47) dans le cadre du festival des arts du r\u00e9cit \u00ab\u00a0Il \u00e9tait une voix\u00a0\u00bb en Lot-et-Garonne, avec R\u00e9my Boiron et La <a href=\"http:\/\/www.compagnie-humaine.org\" target=\"_blank\">Compagnie Humaine<\/a>.<\/li>\n<li style=\"text-align: justify;\"><strong>2013\/14 :<\/strong>\u00a0Avec <a href=\"http:\/\/www.florencevanoli.org\" target=\"_blank\">Florence Vanoli<\/a> (po\u00e8te), \u00ab\u00a0mise en\u00a0son\u00a0\u00bb de\u00a0sortie d\u2019atelier d\u2019\u00e9criture au Coll\u00e8ge Henri Brisson de Talence (33), montage de la \u00ab\u00a0Radio Dr\u00f4les de Z\u00e8bres\u00a0\u00bb au CRPS \u00e0 Bruges (33)<\/li>\n<\/ul>\n","protected":false},"excerpt":{"rendered":"<p>Clarinettiste, saxophoniste, chanteur, auteur, compositeur, arrangeur,\u2026 Apr\u00e8s des d\u00e9but dans l\u2019harmonie \u00ab\u00a0L\u2019Avenir de Carcans\u00a0\u00bb (Ah, les d\u00e9fil\u00e9s du 11 Novembre, la Ste C\u00e9cile et son banquet,&#8230;), je suis entr\u00e9\u00a0en classe de clarinette au Conservatoire de Bordeaux, tout en poursuivant des \u00e9tudes traditionnelles. Quelques ann\u00e9es plus tard, un bac scientifique en poche, je me suis inscrit &hellip; <a href=\"https:\/\/bordono.com\/chanson\/?page_id=100\" class=\"more-link\">Continuer la lecture<span class=\"screen-reader-text\"> de <span class=\"screen-reader-text\">Bio<\/span><\/span>&nbsp;<span class=\"meta-nav\">&rarr;<\/span><\/a><\/p>\n","protected":false},"author":1,"featured_media":0,"parent":0,"menu_order":6,"comment_status":"closed","ping_status":"closed","template":"","meta":[],"_links":{"self":[{"href":"https:\/\/bordono.com\/chanson\/index.php?rest_route=\/wp\/v2\/pages\/100"}],"collection":[{"href":"https:\/\/bordono.com\/chanson\/index.php?rest_route=\/wp\/v2\/pages"}],"about":[{"href":"https:\/\/bordono.com\/chanson\/index.php?rest_route=\/wp\/v2\/types\/page"}],"author":[{"embeddable":true,"href":"https:\/\/bordono.com\/chanson\/index.php?rest_route=\/wp\/v2\/users\/1"}],"replies":[{"embeddable":true,"href":"https:\/\/bordono.com\/chanson\/index.php?rest_route=%2Fwp%2Fv2%2Fcomments&post=100"}],"version-history":[{"count":35,"href":"https:\/\/bordono.com\/chanson\/index.php?rest_route=\/wp\/v2\/pages\/100\/revisions"}],"predecessor-version":[{"id":201,"href":"https:\/\/bordono.com\/chanson\/index.php?rest_route=\/wp\/v2\/pages\/100\/revisions\/201"}],"wp:attachment":[{"href":"https:\/\/bordono.com\/chanson\/index.php?rest_route=%2Fwp%2Fv2%2Fmedia&parent=100"}],"curies":[{"name":"wp","href":"https:\/\/api.w.org\/{rel}","templated":true}]}}